n and u?
4
Suppose 5*m - 108 = -3*l + 108, 5*l - 2*m = 360. Calculate the highest common factor of 3366 and l.
18
Let f be -2*((-28)/6 + 5)*(-568 - 2). Calculate the greatest common factor of f and 40.
20
Let u(o) = o**3 + 3*o**2 + o + 1. Let r be u(-2). Suppose 0 = -3*g - r + 216. Let m = g + -62. Calculate the highest common factor of m and 36.
9
Suppose 6 = -o - 3*q, 2*o + 5*q + 18 = 3*o. Suppose o*z + 2*z = 280. Let m be 14 + (-93)/(744/(-448)). What is the highest common divisor of m and z?
14
Let n(i) = i**3 + 20*i**2 + 41*i + 3. Let q be n(-9). Let w(g) = -2*g**3 + 19*g**2 - g + 3. Let r be w(9). What is the highest common divisor of q and r?
75
Let q be 13 - ((-48)/6 + -483). Suppose 4*m - 7 = 3*m. Calculate the greatest common divisor of q and m.
7
Suppose 5*t - 3*h - 35 = 2*h, 3*t + 4*h - 7 = 0. Suppose 119 + 34 = 3*s - 2*u, -t*s + 255 = -u. Calculate the highest common factor of s and 85.
17
Let l = -14470 + 14515. Let j be (8 - 2)*25/15. Suppose -j - 17 = -y. What is the highest common divisor of y and l?
9
Let g be (476 - 3) + 321/(-107). Calculate the greatest common divisor of g and 230.
10
Let o = -297 + 303. Suppose 3*q + 85 = o*q + 2*f, 2*f - 4 = 0. Calculate the highest common divisor of 351 and q.
27
Suppose 5*l = 2*d + 19, -2*l = 17*d - 15*d - 2. Let k be ((-12)/12)/(l/(-252)). Calculate the greatest common divisor of k and 308.
28
Let g be 1/(3/((-45)/(-5))). Let n be g + 7/(35/25). Suppose 9*l - 28 = 2*l. What is the greatest common divisor of n and l?
4
Suppose 5*t + 53 = -b + 20, -b + 2*t + 2 = 0. Let l(w) = -12*w - 91. Let m be l(b). What is the highest common factor of m and 40?
5
Let a be (-24)/(-32)*4*69/9. Calculate the highest common divisor of 2047 and a.
23
Let o = -31887 - -31955. Calculate the highest common divisor of 404 and o.
4
Let f(i) = -3 + 660*i - 9 - 657*i + 2*i**2. Let a be f(-6). Suppose 4*u - 2*j = 20, -4*u = -0*u - 4*j - 16. Calculate the greatest common divisor of u and a.
6
Suppose -15*s + 7*s - 15*s = 0. Suppose 11*h - 2*h - 1224 = s. Calculate the highest common divisor of h and 85.
17
Let f(r) = 2*r**3 - 99*r**2 + 85*r - 369. Let m be f(49). What is the highest common factor of m and 1085?
155
Let q be 17478/12 - (-5 + 91/14). Calculate the highest common divisor of 30 and q.
15
Let a(f) = f + 12. Let i be a(14). Let z = -6 + i. Suppose l + l - 8 = 0. Calculate the highest common divisor of l and z.
4
Let f be (-2 - -3)/((-3)/(-9)). Let d(z) = z**3 - 2*z**2 + z - 6. Let p be d(f). Let v = 1777 - 1735. What is the highest common factor of v and p?
6
Let k = -529 - -629. Suppose 0 = -8*p - 2*p + k. What is the highest common divisor of 45 and p?
5
Suppose -2*v + 4*a + 314 = 0, -1266 = -5*v + 3*a - 481. What is the highest common factor of 11461 and v?
157
Let b = -253 + 257. Let a be (-2 + (-3)/(-1))*1892/b. Calculate the highest common divisor of 43 and a.
43
Suppose 20*h + 46176 = 228*h. Calculate the greatest common factor of h and 390.
6
Suppose -2*u = -3*o - 49 + 4, -4*u + 65 = -o. Let x = -3196 - -3751. Calculate the greatest common divisor of x and u.
15
Let s = -16353 - -16585. Calculate the greatest common factor of 2697 and s.
29
Suppose -2*h = 3*t - 114, -4*t + 2 = -h + 70. Let o(y) = 3*y**2 + 29*y + 51. Let u be o(-12). What is the greatest common factor of h and u?
15
Suppose -5*r + 4*n + 96 = 0, 14*n - 9 = 15*n. Let v be 1/(-4) - 1924/(-16). What is the greatest common divisor of r and v?
12
Let x be (-182238)/(-270) - 22/(-495). Calculate the greatest common factor of x and 825.
75
Let m(z) = 87*z - 99. Let v be m(2). Calculate the greatest common factor of v and 285.
15
Suppose -3 = 25*q - 3. Suppose 1216 = 4*v - 4*s, v + s = -q*s + 312. Calculate the greatest common factor of 44 and v.
44
Let u = -6173 - -6653. Calculate the highest common divisor of 5600 and u.
160
Let y(c) = -37*c**2 - 493*c - 100. Let x be y(-13). Calculate the highest common divisor of x and 3336.
8
Let v(h) = h**2 - 4*h - 297. Let w be v(21). What is the greatest common factor of w and 320?
20
Let x be (-2)/(-9) - 565/(-9). Let k = -8605 - -8752. What is the highest common factor of k and x?
21
Let i(y) = -62*y + 1836. Let c be i(28). What is the greatest common divisor of 60 and c?
20
Suppose -99*c = 91*c - 27930. Calculate the greatest common divisor of 11907 and c.
147
Let u be (-15 - -1)/(1 + -2). Let y be -78 + (28/36 - (-6)/27). Let v = y + 98. Calculate the highest common factor of u and v.
7
Let a be (-849)/(-9) + 2/3. Let v be 10 + 2 - -7*(2 - 1). Calculate the greatest common factor of v and a.
19
Let k be (-14)/(-2) - (-17 + 21 - 101). What is the greatest common factor of k and 403?
13
Let k(y) = -2*y**3 + y**2 + 2*y + 20. Let v be k(0). Suppose -18*t = -v*t + 42. Let d = 28 + t. What is the highest common divisor of d and 7?
7
Let j(n) = -10*n + 8. Let y be j(-6). Suppose 0 = -r + y - 19. Let d = 67 - r. What is the greatest common divisor of 27 and d?
9
Suppose 3*v - 71 = -23. Let q(l) = -2*l - 120 + 202 - l. Let k be q(14). What is the greatest common divisor of k and v?
8
Suppose -37*a - 911 - 887 = -39*a. What is the highest common factor of a and 319?
29
Suppose -6*m - 3146 = -28*m. Suppose -4*n - 6*k = -2*k - 180, m = 3*n + k. Calculate the greatest common divisor of 49 and n.
49
Let y(s) = -s**3 - 9*s**2 - 20*s - 16. Let d(b) = 6*b + 89. Let h be d(-16). Let x be y(h). What is the highest common divisor of x and 26?
26
Let j be 0/(-2) + -7 + -11. Let d be (-1 + j)*(1 - 2). Suppose 5*q - 3*l - 104 = 0, l = 4*q - 26 - 53. Calculate the highest common factor of d and q.
19
Let h be ((-1729)/14)/((-1)/4). Let m = 498 - h. What is the greatest common divisor of m and 16?
4
Let n(j) = -11*j**2 - 151*j - 20. Let w be n(-9). What is the greatest common factor of w and 7392?
224
Suppose -24*s - 559 = 19*s. Let f = -12 - s. Calculate the highest common factor of 31 and f.
1
Let h = -826 + 923. Calculate the highest common factor of h and 97.
97
Suppose -3*l = -2*g - 332, 5*g - 3*g + 548 = 5*l. What is the highest common divisor of l and 189?
27
Suppose 88 = -64*d + 926 + 4410. What is the highest common factor of 2378 and d?
82
Let r be 2/18*-3*(-13 + 1). Let u be r/7 - 96/168. Suppose -28*a + 34*a - 768 = u. Calculate the greatest common divisor of a and 8.
8
Suppose 0 = -84*m + 107*m + 163*m - 2046. What is the greatest common divisor of 9251 and m?
11
Let u(l) = l**3 + 21*l**2 + l + 23. Let g be u(-21). Let d be (-2*2)/((-72)/396) + g. What is the greatest common factor of 48 and d?
24
Let w(g) = 1 + 11 - g**2 - g**3 - 6 + 49*g - 9*g**2. Let q be w(-14). Calculate the highest common factor of q and 24.
8
Suppose 9*b = -6*b + 60. Suppose 2*c - 64 = 3*m - 2*c, b*c = -m - 32. Let y = m - -60. Calculate the highest common divisor of 12 and y.
12
Let f(r) = -26*r - 247. Let h be f(-11). Calculate the greatest common divisor of h and 2496.
39
Let m be 6/(216/10436) + (20/(-36))/(-5). Calculate the highest common divisor of m and 522.
58
Let h = 122 - 117. Suppose 0 = 2*w - h*w + 432. Let d be (w/(-40))/(1/(-10))*1. What is the greatest common divisor of d and 60?
12
Suppose -153*t + 4*q - 832 = -159*t, -4*t = -5*q - 616. Calculate the greatest common divisor of 2544 and t.
48
Let b = 65 - 38. Let l = -14505 - -15342. Calculate the highest common divisor of l and b.
27
Suppose 0 = 64*z + 102*z - 18592. Calculate the greatest common divisor of 136 and z.
8
Let k be (7 - -68)*(112/10)/2. Suppose k = -m + 7*m. What is the highest common factor of m and 50?
10
Suppose -49*c - 7*c + 16*c = -11480. What is the highest common divisor of 3075 and c?
41
Suppose 5*m - 23198 = 2*c + 33974, 0 = 4*c + 24. Calculate the greatest common divisor of 16 and m.
8
Suppose -18270 = -39*b + 19638. What is the highest common factor of 594 and b?
54
Let t(l) = -116*l**2 + 3290*l + 2. Let c be t(28). What is the highest common factor of c and 1984?
62
Let b(g) = -3*g**2 - 32*g**3 - g**2 + 0*g + 2*g**2 + g. Let f be b(1). Let x = -32 - f. Calculate the highest common divisor of x and 2.
1
Suppose -k - 4 + 1 = 0. Let t(o) = 6*o**2 + 7177*o - 7177*o + 6. Let u be t(k). Calculate the greatest common factor of u and 12.
12
Let o(y) = y**2 + 13*y - 27. Let a be o(4). Let w = 105 - a. Calculate the greatest common divisor of 